{"id":3,"date":"2020-05-08T07:15:17","date_gmt":"2020-05-08T05:15:17","guid":{"rendered":"http:\/\/coopsprint.com\/?page_id=3"},"modified":"2020-05-13T15:01:43","modified_gmt":"2020-05-13T13:01:43","slug":"politique-de-confidentialite","status":"publish","type":"page","link":"https:\/\/coopsprint.com\/index.php\/politique-de-confidentialite\/","title":{"rendered":"Politiche Privacy"},"content":{"rendered":"\n<h2 class=\"wp-block-heading\">Chi siamo<\/h2>\n\n\n\n<p>L&#8217;indirizzo del nostro sito Web \u00e8: https:\/\/coopsprint.com.<\/p>\n\n\n\n<h2 class=\"wp-block-heading\">Utilizzo dei dati personali raccolti<\/h2>\n\n\n\n<h2 class=\"wp-block-heading\">commenti<\/h2>\n\n\n\n<p>Quando lasci un commento sul nostro sito Web, i dati inseriti nel modulo dei commenti, ma anche il tuo indirizzo IP e l&#8217;agente utente del tuo browser vengono raccolti per aiutarci a rilevare i commenti indesiderati.<\/p>\n\n\n\n<p><br>Una stringa anonima creata dal tuo indirizzo e-mail (noto anche come hash) pu\u00f2 essere inviata al servizio Gravatar per verificare se lo stai utilizzando. Le clausole di riservatezza del servizio Gravatar sono disponibili qui: https:\/\/automattic.com\/privacy\/. Dopo la convalida del tuo commento, la foto del tuo profilo sar\u00e0 visibile pubblicamente accanto al tuo commento.<\/p>\n\n\n\n<h2 class=\"wp-block-heading\">media<\/h2>\n\n\n\n<p>Se sei un utente registrato e carichi immagini sul sito Web, ti consigliamo di evitare di caricare immagini contenenti dati EXIF \u200b\u200bda coordinate GPS. I visitatori del tuo sito Web possono scaricare ed estrarre i dati sulla posizione da queste immagini.<\/p>\n\n\n\n<h2 class=\"wp-block-heading\">Moduli di contatto<\/h2>\n\n\n\n<h2 class=\"wp-block-heading\"><strong>Cookies<\/strong><\/h2>\n\n\n\n<p>Se pubblichi un commento sul nostro sito, ti verr\u00e0 offerto di salvare il tuo nome, indirizzo e-mail e sito Web nei cookie. \u00c8 solo per tua comodit\u00e0, in modo da non dover inserire queste informazioni se pubblichi un altro commento in seguito.<\/p>\n\n\n\n<p>Questi cookie scadono dopo un anno. Se hai un account e accedi a questo sito, verr\u00e0 creato un cookie temporaneo per determinare se il tuo browser accetta i cookie. Non contiene dati personali e verr\u00e0 eliminato automaticamente alla chiusura del browser.<\/p>\n\n\n\n<p><br>Quando accedi, imposteremo un numero di cookie per memorizzare le informazioni di accesso e le preferenze dello schermo. La durata di un cookie di accesso \u00e8 di due giorni, quella di un cookie di opzione schermo \u00e8 di un anno. Se selezioni &#8220;Ricordami&#8221;, il cookie di accesso verr\u00e0 conservato per due settimane. Se esci dal tuo account, il cookie di accesso verr\u00e0 eliminato.<\/p>\n\n\n\n<p>Modificando o pubblicando , un cookie aggiuntivo verr\u00e0 salvato nel tuo browser. Questo cookie non include alcun dato personale. Dice solo l&#8217;ID del post che hai appena modificato. Scade dopo un giorno.<\/p>\n\n\n\n<h2 class=\"wp-block-heading\">Contenuto incorporato da altri siti<\/h2>\n\n\n\n<p>Gli articoli su questo sito possono includere contenuti integrati (ad esempio video, immagini, articoli, ecc.). Il contenuto incorporato da altri siti si comporta come se il visitatore passasse a quell&#8217;altro sito.<\/p>\n\n\n\n<p><br>Questi siti Web potrebbero raccogliere dati su di te, utilizzare cookie, incorporare strumenti di tracciamento di terze parti, tenere traccia delle tue interazioni con questo contenuto incorporato se hai un account collegato al loro sito Web.<\/p>\n\n\n\n<h2 class=\"wp-block-heading\">Uso e trasmissione dei dati personali<\/h2>\n\n\n\n<h2 class=\"wp-block-heading\">Periodi di conservazione dei dati<\/h2>\n\n\n\n<p>Se si lascia un commento, il commento e i relativi metadati vengono conservati indefinitamente. Ci\u00f2 riconosce e approva automaticamente i seguenti commenti invece di lasciarli nella coda di moderazione.<\/p>\n\n\n\n<p>Per gli utenti che si registrano sul nostro sito (se possibile), memorizziamo anche i dati personali indicati nel loro profilo. Tutti gli utenti possono visualizzare, modificare o eliminare le loro informazioni personali in qualsiasi momento (tranne il loro nome utente \u2022 ghiaccio). I gestori del sito possono anche visualizzare e modificare queste informazioni.<\/p>\n\n\n\n<h2 class=\"wp-block-heading\">I diritti che hai sui tuoi dati<\/h2>\n\n\n\n<p>Se hai un account o se hai lasciato commenti sul sito, puoi richiedere di ricevere un file contenente tutti i dati personali che abbiamo su di te, compresi quelli che ci hai fornito. Puoi anche richiedere la cancellazione dei dati personali che ti riguardano. Ci\u00f2 non tiene conto dei dati memorizzati per motivi amministrativi, legali o di sicurezza<\/p>\n\n\n\n<h2 class=\"wp-block-heading\"><br>Trasmissione dei dati personali<\/h2>\n\n\n\n<h2 class=\"wp-block-heading\">I commenti dei visitatori possono essere verificati utilizzando un servizio di rilevamento automatico dello spam.<\/h2>\n","protected":false},"excerpt":{"rendered":"<p>Chi siamo L&#8217;indirizzo del nostro sito Web \u00e8: https:\/\/coopsprint.com. Utilizzo dei dati personali raccolti commenti Quando lasci un commento sul nostro sito Web, i dati inseriti nel modulo dei commenti, ma anche il tuo indirizzo IP e l&#8217;agente utente del tuo browser vengono raccolti per aiutarci a rilevare i commenti indesiderati. Una stringa anonima creata &hellip; <\/p>\n<p class=\"link-more\"><a href=\"https:\/\/coopsprint.com\/index.php\/politique-de-confidentialite\/\" class=\"more-link\">Leggi tutto<span class=\"screen-reader-text\"> &#8220;Politiche Privacy&#8221;<\/span><\/a><\/p>\n","protected":false},"author":1,"featured_media":0,"parent":0,"menu_order":0,"comment_status":"closed","ping_status":"open","template":"","meta":{"footnotes":""},"class_list":["post-3","page","type-page","status-publish","hentry"],"yoast_head":"<!-- This site is optimized with the Yoast SEO plugin v25.6 - https:\/\/yoast.com\/wordpress\/plugins\/seo\/ -->\n<title>Politiche Privacy - CoopSprint<\/title>\n<meta name=\"robots\" content=\"index, nofollow, max-snippet:-1, max-image-preview:large, max-video-preview:-1\" \/>\n<link rel=\"canonical\" href=\"https:\/\/coopsprint.com\/index.php\/politique-de-confidentialite\/\" \/>\n<meta property=\"og:locale\" content=\"it_IT\" \/>\n<meta property=\"og:type\" content=\"article\" \/>\n<meta property=\"og:title\" content=\"Politiche Privacy - CoopSprint\" \/>\n<meta property=\"og:description\" content=\"Chi siamo L&#8217;indirizzo del nostro sito Web \u00e8: https:\/\/coopsprint.com. Utilizzo dei dati personali raccolti commenti Quando lasci un commento sul nostro sito Web, i dati inseriti nel modulo dei commenti, ma anche il tuo indirizzo IP e l&#8217;agente utente del tuo browser vengono raccolti per aiutarci a rilevare i commenti indesiderati. Una stringa anonima creata &hellip; Leggi tutto &quot;Politiche Privacy&quot;\" \/>\n<meta property=\"og:url\" content=\"https:\/\/coopsprint.com\/index.php\/politique-de-confidentialite\/\" \/>\n<meta property=\"og:site_name\" content=\"CoopSprint\" \/>\n<meta property=\"article:modified_time\" content=\"2020-05-13T13:01:43+00:00\" \/>\n<meta name=\"twitter:card\" content=\"summary_large_image\" \/>\n<meta name=\"twitter:label1\" content=\"Tempo di lettura stimato\" \/>\n\t<meta name=\"twitter:data1\" content=\"3 minuti\" \/>\n<script type=\"application\/ld+json\" class=\"yoast-schema-graph\">{\"@context\":\"https:\/\/schema.org\",\"@graph\":[{\"@type\":\"WebPage\",\"@id\":\"https:\/\/coopsprint.com\/index.php\/politique-de-confidentialite\/\",\"url\":\"https:\/\/coopsprint.com\/index.php\/politique-de-confidentialite\/\",\"name\":\"Politiche Privacy - CoopSprint\",\"isPartOf\":{\"@id\":\"https:\/\/coopsprint.com\/#website\"},\"datePublished\":\"2020-05-08T05:15:17+00:00\",\"dateModified\":\"2020-05-13T13:01:43+00:00\",\"breadcrumb\":{\"@id\":\"https:\/\/coopsprint.com\/index.php\/politique-de-confidentialite\/#breadcrumb\"},\"inLanguage\":\"it-IT\",\"potentialAction\":[{\"@type\":\"ReadAction\",\"target\":[\"https:\/\/coopsprint.com\/index.php\/politique-de-confidentialite\/\"]}]},{\"@type\":\"BreadcrumbList\",\"@id\":\"https:\/\/coopsprint.com\/index.php\/politique-de-confidentialite\/#breadcrumb\",\"itemListElement\":[{\"@type\":\"ListItem\",\"position\":1,\"name\":\"Home\",\"item\":\"https:\/\/coopsprint.com\/\"},{\"@type\":\"ListItem\",\"position\":2,\"name\":\"Politiche Privacy\"}]},{\"@type\":\"WebSite\",\"@id\":\"https:\/\/coopsprint.com\/#website\",\"url\":\"https:\/\/coopsprint.com\/\",\"name\":\"CoopSprint\",\"description\":\"\",\"publisher\":{\"@id\":\"https:\/\/coopsprint.com\/#organization\"},\"potentialAction\":[{\"@type\":\"SearchAction\",\"target\":{\"@type\":\"EntryPoint\",\"urlTemplate\":\"https:\/\/coopsprint.com\/?s={search_term_string}\"},\"query-input\":{\"@type\":\"PropertyValueSpecification\",\"valueRequired\":true,\"valueName\":\"search_term_string\"}}],\"inLanguage\":\"it-IT\"},{\"@type\":\"Organization\",\"@id\":\"https:\/\/coopsprint.com\/#organization\",\"name\":\"CoopSprint\",\"url\":\"https:\/\/coopsprint.com\/\",\"logo\":{\"@type\":\"ImageObject\",\"inLanguage\":\"it-IT\",\"@id\":\"https:\/\/coopsprint.com\/#\/schema\/logo\/image\/\",\"url\":\"https:\/\/i0.wp.com\/coopsprint.com\/wp-content\/uploads\/2024\/11\/cropped-Logo-Sprint-2.png?fit=451%2C174&ssl=1\",\"contentUrl\":\"https:\/\/i0.wp.com\/coopsprint.com\/wp-content\/uploads\/2024\/11\/cropped-Logo-Sprint-2.png?fit=451%2C174&ssl=1\",\"width\":451,\"height\":174,\"caption\":\"CoopSprint\"},\"image\":{\"@id\":\"https:\/\/coopsprint.com\/#\/schema\/logo\/image\/\"}}]}<\/script>\n<!-- \/ Yoast SEO plugin. -->","yoast_head_json":{"title":"Politiche Privacy - CoopSprint","robots":{"index":"index","follow":"nofollow","max-snippet":"max-snippet:-1","max-image-preview":"max-image-preview:large","max-video-preview":"max-video-preview:-1"},"canonical":"https:\/\/coopsprint.com\/index.php\/politique-de-confidentialite\/","og_locale":"it_IT","og_type":"article","og_title":"Politiche Privacy - CoopSprint","og_description":"Chi siamo L&#8217;indirizzo del nostro sito Web \u00e8: https:\/\/coopsprint.com. Utilizzo dei dati personali raccolti commenti Quando lasci un commento sul nostro sito Web, i dati inseriti nel modulo dei commenti, ma anche il tuo indirizzo IP e l&#8217;agente utente del tuo browser vengono raccolti per aiutarci a rilevare i commenti indesiderati. Una stringa anonima creata &hellip; Leggi tutto \"Politiche Privacy\"","og_url":"https:\/\/coopsprint.com\/index.php\/politique-de-confidentialite\/","og_site_name":"CoopSprint","article_modified_time":"2020-05-13T13:01:43+00:00","twitter_card":"summary_large_image","twitter_misc":{"Tempo di lettura stimato":"3 minuti"},"schema":{"@context":"https:\/\/schema.org","@graph":[{"@type":"WebPage","@id":"https:\/\/coopsprint.com\/index.php\/politique-de-confidentialite\/","url":"https:\/\/coopsprint.com\/index.php\/politique-de-confidentialite\/","name":"Politiche Privacy - CoopSprint","isPartOf":{"@id":"https:\/\/coopsprint.com\/#website"},"datePublished":"2020-05-08T05:15:17+00:00","dateModified":"2020-05-13T13:01:43+00:00","breadcrumb":{"@id":"https:\/\/coopsprint.com\/index.php\/politique-de-confidentialite\/#breadcrumb"},"inLanguage":"it-IT","potentialAction":[{"@type":"ReadAction","target":["https:\/\/coopsprint.com\/index.php\/politique-de-confidentialite\/"]}]},{"@type":"BreadcrumbList","@id":"https:\/\/coopsprint.com\/index.php\/politique-de-confidentialite\/#breadcrumb","itemListElement":[{"@type":"ListItem","position":1,"name":"Home","item":"https:\/\/coopsprint.com\/"},{"@type":"ListItem","position":2,"name":"Politiche Privacy"}]},{"@type":"WebSite","@id":"https:\/\/coopsprint.com\/#website","url":"https:\/\/coopsprint.com\/","name":"CoopSprint","description":"","publisher":{"@id":"https:\/\/coopsprint.com\/#organization"},"potentialAction":[{"@type":"SearchAction","target":{"@type":"EntryPoint","urlTemplate":"https:\/\/coopsprint.com\/?s={search_term_string}"},"query-input":{"@type":"PropertyValueSpecification","valueRequired":true,"valueName":"search_term_string"}}],"inLanguage":"it-IT"},{"@type":"Organization","@id":"https:\/\/coopsprint.com\/#organization","name":"CoopSprint","url":"https:\/\/coopsprint.com\/","logo":{"@type":"ImageObject","inLanguage":"it-IT","@id":"https:\/\/coopsprint.com\/#\/schema\/logo\/image\/","url":"https:\/\/i0.wp.com\/coopsprint.com\/wp-content\/uploads\/2024\/11\/cropped-Logo-Sprint-2.png?fit=451%2C174&ssl=1","contentUrl":"https:\/\/i0.wp.com\/coopsprint.com\/wp-content\/uploads\/2024\/11\/cropped-Logo-Sprint-2.png?fit=451%2C174&ssl=1","width":451,"height":174,"caption":"CoopSprint"},"image":{"@id":"https:\/\/coopsprint.com\/#\/schema\/logo\/image\/"}}]}},"jetpack_sharing_enabled":true,"featured_media_urls":[],"_links":{"self":[{"href":"https:\/\/coopsprint.com\/index.php\/wp-json\/wp\/v2\/pages\/3","targetHints":{"allow":["GET"]}}],"collection":[{"href":"https:\/\/coopsprint.com\/index.php\/wp-json\/wp\/v2\/pages"}],"about":[{"href":"https:\/\/coopsprint.com\/index.php\/wp-json\/wp\/v2\/types\/page"}],"author":[{"embeddable":true,"href":"https:\/\/coopsprint.com\/index.php\/wp-json\/wp\/v2\/users\/1"}],"replies":[{"embeddable":true,"href":"https:\/\/coopsprint.com\/index.php\/wp-json\/wp\/v2\/comments?post=3"}],"version-history":[{"count":3,"href":"https:\/\/coopsprint.com\/index.php\/wp-json\/wp\/v2\/pages\/3\/revisions"}],"predecessor-version":[{"id":75,"href":"https:\/\/coopsprint.com\/index.php\/wp-json\/wp\/v2\/pages\/3\/revisions\/75"}],"wp:attachment":[{"href":"https:\/\/coopsprint.com\/index.php\/wp-json\/wp\/v2\/media?parent=3"}],"curies":[{"name":"wp","href":"https:\/\/api.w.org\/{rel}","templated":true}]}}